-o**3 + 138*o**2 - 541*o + 694. Calculate h(134).
24
Let f(b) = -b**2 - 60*b - 605. What is f(-14)?
39
Let q(v) = -v**3 + 13*v**2 + 2*v + 13. Give q(14).
-155
Let w(k) = -k**3 + 9*k**2 - 31*k + 204. Determine w(9).
-75
Let g(s) = -s**2 - 41*s + 50. What is g(-41)?
50
Let c(i) = 3*i**2 - 22*i + 10. Give c(8).
26
Let x(u) = -u**3 + 45*u**2 + 977*u - 61. Give x(61).
0
Let z(f) = 43*f**2 + 5*f + 22. Calculate z(-3).
394
Let j(p) = -2*p**2 - 29*p + 135. Give j(8).
-225
Let o(h) = -h**2 - 80*h - 1063. Determine o(-63).
8
Let p(o) = 9*o**3 - 12*o**2 + 30*o - 17. Give p(1).
10
Let q(m) = m**3 - 17*m**2 - 10*m - 149. Give q(18).
-5
Let m(r) = -4*r**2 + 18*r + 30. Determine m(11).
-256
Let p(y) = y**3 - 35*y**2 - 47*y - 138. Calculate p(36).
-534
Let l(o) = -499*o + 23433. Give l(47).
-20
Let c(v) = -v**2 - 11*v + 2. What is c(-13)?
-24
Let t(z) = -3*z**3 - 119*z**2 + 54*z + 562. Give t(-40).
2
Let p(z) = 12*z - 528. Give p(51).
84
Let k(f) = 3*f**2 + 30*f - 23. What is k(-12)?
49
Let u(a) = -44*a - 7296. Give u(-166).
8
Let v(p) = -p**2 + 102*p - 2587. Determine v(48).
5
Let w(k) = k**3 + 8*k**2 - 7*k + 12. What is w(-8)?
68
Let i(t) = t**2 + 55*t + 302. Give i(-49).
8
Let o(p) = -p**3 + 12*p**2 - 13*p - 2. Calculate o(8).
150
Let w(m) = m**3 + 10*m**2 - 28*m - 33. What is w(-12)?
15
Let z(s) = s**3 - 25*s**2 - 51*s - 60. What is z(27)?
21
Let k(m) = -8*m**2 - 487*m + 572. Determine k(-62).
14
Let i(r) = r**3 - 4*r**2 + 2126*r - 10647. Give i(5).
8
Let h(g) = -40*g**2 - 11*g - 7. Determine h(-1).
-36
Let g(v) = -v**3 + 52*v**2 - 192*v - 7. Give g(48).
-7
Let d(r) = -r**2 + 2*r + 419. Give d(21).
20
Let v(k) = 14*k**3 + 5*k + 5. Determine v(-2).
-117
Let f(r) = -5*r**3 + 29*r**2 + 7. Give f(6).
-29
Let a(y) = -45*y + 211. What is a(5)?
-14
Let j(y) = 102*y + 598. Determine j(-6).
-14
Let b(p) = -p**3 - 71*p**2 - 69*p + 74. Calculate b(-70).
4
Let s(j) = -605*j - 616. Give s(-1).
-11
Let d(s) = -17*s**2 + 434*s - 868. Calculate d(2).
-68
Let m(k) = 566*k - 4532. Give m(8).
-4
Let b(c) = -36*c + 1258. Give b(35).
-2
Let d(m) = -12*m**2 + 411*m - 279. Determine d(33).
216
Let s(t) = 3*t**2 - 26*t - 47. Determine s(12).
73
Let a(p) = p**2 + 6*p + 10. Give a(-9).
37
Let n(i) = i**2 + 315*i + 24844. Calculate n(-156).
40
Let v(k) = -k**3 - 12*k**2 - 39*k - 3. Determine v(-6).
15
Let u(g) = -306*g - 29. What is u(0)?
-29
Let b(r) = -49*r - 1078. Calculate b(-21).
-49
Let w(b) = 1653*b - 398373. Give w(241).
0
Let x(z) = z**3 - 23*z**2 + 99*z - 1205. Determine x(21).
-8
Let v(l) = 518*l + 78732. Determine v(-152).
-4
Let l(i) = 188*i**2 + 342*i - 53. Give l(-2).
15
Let o(t) = 16*t + 498. Calculate o(-27).
66
Let p(u) = -248*u + 4507. Calculate p(18).
43
Let b(p) = -p**3 + 12*p**2 + 5*p - 71. What is b(8)?
225
Let t(r) = 33*r + 3380. Give t(-101).
47
Let p(j) = j**3 + 18*j**2 + 60*j - 11. Calculate p(-13).
54
Let l(x) = -x**2 - 19*x - 34. Determine l(-15).
26
Let s(a) = -17*a**2 + 20*a - 43. Give s(3).
-136
Let x(i) = i**3 + 26*i**2 + 52*i - 123. Calculate x(-24).
-219
Let g(t) = 4*t - 48. What is g(15)?
12
Let t(j) = -311*j**3 - j**2 - 4*j + 3. Determine t(1).
-313
Let b(g) = -7*g**2 + 23*g - 19. Determine b(3).
-13
Let f(u) = u**2 - 32*u + 233. Calculate f(11).
2
Let u(n) = -2*n**3 - 113*n**2 - 263*n + 357. What is u(-54)?
-21
Let n(r) = -r**3 + 4*r**2 + 57*r - 14. What is n(-6)?
4
Let d(j) = -77*j - 306. Give d(-4).
2
Let g(p) = p**3 + 37*p**2 + 101*p - 78. Calculate g(-34).
-44
Let c(l) = -140*l + 21143. What is c(151)?
3
Let o(j) = -3*j**3 - 25*j**2 + 15*j - 15. Determine o(-9).
12
Let b(u) = -228*u + 1282. Give b(6).
-86
Let x(d) = -99*d + 59. Determine x(1).
-40
Let r(d) = -2*d**2 + 53*d - 187. What is r(0)?
-187
Let w(s) = -3*s**2 - 15*s + 67. What is w(-10)?
-83
Let w(h) = 87*h**3 - 3*h**2 - 192*h - 383. Give w(-2).
-707
Let l(a) = -11*a + 181. Determine l(13).
38
Let m(o) = -o**3 - 134*o**2 - 392*o + 156. Calculate m(-131).
25
Let b(n) = -n**3 + 34*n**2 + 37*n - 83. Determine b(35).
-13
Let c(r) = 1109*r + 4331. Determine c(-4).
-105
Let b(x) = -15*x**2 - 78*x + 202. Determine b(2).
-14
Let c(a) = -6*a - 10. What is c(4)?
-34
Let h(j) = -495*j**2 - 4*j - 2. Determine h(-1).
-493
Let j(u) = -33*u**3 - 3*u**2 - 15*u - 21. Give j(-2).
261
Let j(x) = -2*x**2 + 652*x + 22130. Calculate j(-31).
-4
Let l(y) = y**2 + 28*y + 124. Give l(-6).
-8
Let t(h) = -h**3 - 8*h**2 + 6*h + 4. Determine t(-4).
-84
Let v(k) = -2*k**3 + 65*k**2 - 200*k - 101. What is v(29)?
-14
Let o(i) = -12*i + 1053. Determine o(74).
165
Let k(b) = 64*b - 945. What is k(20)?
335
Let z(i) = i**2 + 11*i + 62. Calculate z(-11).
62
Let b(a) = 2050*a + 75859. What is b(-37)?
9
Let j(s) = s**3 - 3*s**2 + 16*s - 75. What is j(4)?
5
Let x(j) = -j**3 + 11*j**2 + 4*j - 1. Calculate x(0).
-1
Let q(u) = u**3 + 5*u**2 - 116*u - 147. Determine q(-13).
9
Let l(b) = -13*b**3 - 2*b**2 + 11. Determine l(3).
-358
Let m(k) = -30*k + 2436. Calculate m(81).
6
Let l(p) = -p**2 - 12*p + 254. Determine l(-26).
-110
Let l(g) = -2*g - 39. Give l(-22).
5
Let l(j) = -2*j**2 - 3*j + 1084. Give l(32).
-1060
Let h(f) = -f**3 + 57*f**2 + 62*f - 253. Give h(58).
-21
Let t(n) = n**3 + 4*n**2 - 22*n - 52. Calculate t(4).
-12
Let m(i) = i**2 - 31*i - 348. What is m(-10)?
62
Let t(f) = -2*f**2 + 41*f + 44. Calculate t(22).
-22
Let s(y) = 432*y - 165888. Calculate s(384).
0
Let y(l) = 175*l + 2035. Give y(-10).
285
Let i(n) = 193*n**2 + 5405*n + 33. What is i(-28)?
5
Let f(v) = 12532*v - 25069. Calculate f(2).
-5
Let o(f) = f**2 - 25*f + 153. Calculate o(10).
3
Let t(m) = -m**3 + 25*m**2 + 31*m - 21. Determine t(26).
109
Let w(h) = 27*h**3 + 9*h**2 + 5*h - 3. Calculate w(-1).
-26
Let j(l) = -88*l - 1015. What is j(-11)?
-47
Let y(k) = -1779*k + 3533. Determine y(2).
-25
Let v(n) = -83*n - 581. Give v(-7).
0
Let y(w) = 899*w - 16193. Give y(18).
-11
Let m(d) = -6*d**2 + 570*d + 614. Determine m(96).
38
Let t(v) = -v**3 - 8*v**2 + 67*v + 38. Give t(-13).
12
Let t(p) = -738*p - 78226. Calculate t(-106).
2
Let q(p) = -15*p**2 - 497*p - 105. What is q(-33)?
-39
Let b(d) = -826*d + 33791. Determine b(41).
-75
Let v(z) = 7*z**3 - 2*z**2 - 4*z - 6. Calculate v(-2).
-62
Let j(k) = 35*k**2 - 46*k + 44. Determine j(1).
33
Let u(p) = 14*p**2 + 4*p - 17. Determine u(-3).
97
Let f(i) = 19*i**2 - 274*i + 1002. What is f(8)?
26
Let v(b) = b**3 + 20*b**2 + 7*b - 98. Give v(-19).
130
Let b(o) = 30*o - 15. Determine b(-7).
-225
Let i(r) = 3*r**2 + 44*r - 21. Determine i(-18).
159
Let j(w) = -w**3 - 4*w**2 + 3446*w + 13786. What is j(-4)?
2
Let a(l) = 119*l - 1274. Calculate a(13).
273
Let c(l) = -2*l**2 - 210*l - 965. Calculate c(-5).
35
Let s(p) = -p**2 + 83*p - 1639. Determine s(33).
11
Let h(o) = 3*o**2 + 53*o - 13. Give h(-18).
5
Let p(l) = -19*l - 608. Calculate p(-32).
0
Let r(w) = -129*w - 272. What is r(-8)?
760
Let p(b) = 153*b - 66. Determine p(3).
393
Let f(y) = -20*y**2 + 1481*y - 77. Determine f(74).
-3
Let s(z) = -22*z - 27. Calculate s(-4).
61
Let u(q) = -3*q**2 + 90*q + 409. What is u(34)?
1
Let w(o) = 69*o - 600. Calculate w(9).
21
Let a(y) = 207*y + 358. Calculate a(-2).
-56
Let k(i) = -12*i**2 - 22*i + 22. Calculate k(3).
-152
Let p(f) = -f**3 + 55*f**2 - 2*f + 296. Give p(55).
186
Let h(c) = c**3 - 69*c**2 + 136*c - 138. Give h(67).
-4
Let a(l) = l**3 + 10*l**2 + 8*l + 24. Determine a(-10).
-56
Let l(d) = 3*d**3 + 553*d**2 - 374*d - 711. Give l(-185).
29
Let x(f) = 15*f**2 + 75*f + 17. Determine x(-5).
17
Let u(p) = 14*p - 234. Give u(20).
46
Let y(r) = 162*r + 23342. What is y(-144)?
14
Let d(u) = 136*u - 105. Calculate d(0).
-105
Let p(h) = -2585*h - 12919. Calculate p(-5).
6
Let t(d) = -d**3 - 24*d**2 + 40*d + 39. What is t(-26)?
351
Let r(n) = -2*n**3 + 99*n**2 + 607*n - 108. Calculate r(55).
2
Let h(o) = -66*o**2 - 539*o + 9. Give h(-8).
97
Let j(a) = 1731*a - 12104. What is j(7)?
13
Let c(s) = -s**3 + 6*s + 5. What is c(-5)?
100
Let p(t) = 2488*t + 7422. What is p(-3)?
-42
Let w(x) = x**3 + 20*x**2 - 188*x + 9. Determine w(-27).
-18
Let k(l) = 316*l - 3793. Calculate k(12).
-1
Let t(b) = 57*b**2 - 60*b + 52. Give t(1).
49
Let r(z) = -167*z + 344. Calculate r(2).
10
Let y(o) = -10261*o + 61558. Calculate y(6).
-8
Let b(k) = -79*k - 3896. What is b(-49)?
-25
Let y(h) = -2*h**2 - 208*h - 196. What is y(-103)?
10
Let g(d